{"id":395,"date":"2026-02-24T16:52:11","date_gmt":"2026-02-24T19:52:11","guid":{"rendered":"https:\/\/ecoama.eco\/?post_type=product&#038;p=395"},"modified":"2026-03-27T16:51:14","modified_gmt":"2026-03-27T19:51:14","slug":"iluminador-ouro","status":"publish","type":"product","link":"https:\/\/ecoama.eco\/?product=iluminador-ouro","title":{"rendered":"Iluminador &#8211; OURO"},"content":{"rendered":"<p data-start=\"114\" data-end=\"478\">O<strong> Iluminador\u00a0\u2013 Ouro | Linha N\u00e9ctar Brasileiro Amaz\u00f4nia<\/strong> \u00e9 um cuidado multifuncional que une tratamento e luminosidade em uma f\u00f3rmula rica em manteigas amaz\u00f4nicas de ucu\u00faba, bacuri, murumuru, cupua\u00e7u e tucum\u00e3, enriquecida com copa\u00edba. Sua textura cremosa derrete suavemente na pele, promovendo nutri\u00e7\u00e3o profunda, hidrata\u00e7\u00e3o e prote\u00e7\u00e3o da barreira cut\u00e2nea.<\/p>\n<p data-start=\"480\" data-end=\"694\">Com brilho dourado natural, ilumina delicadamente enquanto trata, podendo ser usado como blush, sombra ou batom. Vers\u00e1til e potente, entrega cor saud\u00e1vel e luminosidade radiante com ativos genuinamente brasileiros.<\/p>\n<p data-start=\"696\" data-end=\"882\"><strong data-start=\"696\" data-end=\"722\">Benef\u00edcios principais:<\/strong><br data-start=\"722\" data-end=\"725\" \/>\u2022 Ilumina com brilho dourado natural<br data-start=\"761\" data-end=\"764\" \/>\u2022 Multifuncional: blush, sombra e batom<br data-start=\"803\" data-end=\"806\" \/>\u2022 Nutre e hidrata profundamente<br data-start=\"837\" data-end=\"840\" \/>\u2022 Protege e fortalece a barreira da pele<\/p>\n<p data-start=\"696\" data-end=\"882\"><strong data-start=\"1054\" data-end=\"1075\">Composi\u00e7\u00e3o (DCB):<\/strong><br data-start=\"1075\" data-end=\"1078\" \/>\u00d3leo de r\u00edcino, cera de candelila, manteiga de tucum\u00e3, lanolina vegetal, \u00f3leo-resina de copa\u00edba, \u00e1lcool cet\u00edlico, \u00e1lcool cetoestear\u00edlico, mica ouro, manteiga de bacuri, manteiga de cupua\u00e7u, argila branca, manteiga de karit\u00e9, manteiga de ucu\u00faba, carbonato de c\u00e1lcio, s\u00edlica, cera de carna\u00faba, manteiga de murumuru, bentonita, \u00f3leo-resina de alecrim.<\/p>\n<p data-start=\"884\" data-end=\"992\"><strong data-start=\"884\" data-end=\"898\">Modo de uso:<\/strong><br data-start=\"898\" data-end=\"901\" \/>Aplique com os dedos nas \u00e1reas desejadas (l\u00e1bios, bochechas e p\u00e1lpebras). Espalhe utilizando aplicadores sustent\u00e1veis, como discos de croch\u00ea.<\/p>\n","protected":false},"excerpt":{"rendered":"<p>B\u00e1lsamo nutritivo multifuncional com manteigas amaz\u00f4nicas de ucu\u00faba, bacuri, murumuru, cupua\u00e7u e tucum\u00e3, enriquecido com copa\u00edba. Ilumina com brilho dourado natural enquanto nutre e hidrata, podendo ser usado como blush, sombra ou batom.<\/p>\n","protected":false},"featured_media":469,"comment_status":"open","ping_status":"closed","template":"","meta":[],"product_brand":[],"product_cat":[65,53,78,42,37,35,34,36,26,52],"product_tag":[101,116,106,111,102,108,104,105,120,122,112,103],"class_list":{"0":"post-395","1":"product","2":"type-product","3":"status-publish","4":"has-post-thumbnail","6":"product_cat-amazonia","7":"product_cat-cor-e-realce-natural","8":"product_cat-maquiagem","9":"product_cat-nectar-brasileiro","10":"product_cat-pele","11":"product_cat-por-linha","12":"product_cat-por-necessidade","13":"product_cat-por-tipo-de-produto","14":"product_cat-sem-categoria","15":"product_cat-uniformizacao-e-luminosidade","16":"product_tag-bioativos-da-amazonia","17":"product_tag-cuidado-labial","18":"product_tag-efeito-matte","19":"product_tag-hidratacao","20":"product_tag-ingredientes-brasileiros","21":"product_tag-luminosidade","22":"product_tag-manteigas-vegetais","23":"product_tag-mineral-natural","24":"product_tag-natural","25":"product_tag-nectar-brasileiro","26":"product_tag-nutricao","27":"product_tag-oleos-vegetais","29":"first","30":"instock","31":"sale","32":"shipping-taxable","33":"purchasable","34":"product-type-simple"},"_links":{"self":[{"href":"https:\/\/ecoama.eco\/index.php?rest_route=\/wp\/v2\/product\/395","targetHints":{"allow":["GET"]}}],"collection":[{"href":"https:\/\/ecoama.eco\/index.php?rest_route=\/wp\/v2\/product"}],"about":[{"href":"https:\/\/ecoama.eco\/index.php?rest_route=\/wp\/v2\/types\/product"}],"replies":[{"embeddable":true,"href":"https:\/\/ecoama.eco\/index.php?rest_route=%2Fwp%2Fv2%2Fcomments&post=395"}],"wp:featuredmedia":[{"embeddable":true,"href":"https:\/\/ecoama.eco\/index.php?rest_route=\/wp\/v2\/media\/469"}],"wp:attachment":[{"href":"https:\/\/ecoama.eco\/index.php?rest_route=%2Fwp%2Fv2%2Fmedia&parent=395"}],"wp:term":[{"taxonomy":"product_brand","embeddable":true,"href":"https:\/\/ecoama.eco\/index.php?rest_route=%2Fwp%2Fv2%2Fproduct_brand&post=395"},{"taxonomy":"product_cat","embeddable":true,"href":"https:\/\/ecoama.eco\/index.php?rest_route=%2Fwp%2Fv2%2Fproduct_cat&post=395"},{"taxonomy":"product_tag","embeddable":true,"href":"https:\/\/ecoama.eco\/index.php?rest_route=%2Fwp%2Fv2%2Fproduct_tag&post=395"}],"curies":[{"name":"wp","href":"https:\/\/api.w.org\/{rel}","templated":true}]}}